- d?
bc
In base 13, what is 4 + -110?
-109
In base 7, what is -11 - -50?
36
In base 4, what is 10 - -311132?
311202
In base 13, what is -4a7 + 9?
-49b
In base 5, what is -4 + 223424?
223420
In base 4, what is -130 + 30?
-100
In base 10, what is 3 - -1075?
1078
In base 7, what is -1566 + -5?
-1604
In base 5, what is 1 - 121?
-120
In base 9, what is 81 - -1?
82
In base 12, what is -5118 + 4?
-5114
In base 6, what is 125 - 1?
124
In base 15, what is 2 - ad8?
-ad6
In base 10, what is 10 - -110?
120
In base 11, what is -a + -21?
-30
In base 5, what is 224 + -41?
133
In base 3, what is 21122111 - -2?
21122120
In base 3, what is 0 - -20022?
20022
In base 3, what is 1010 + -2021?
-1011
In base 15, what is 10 + 7?
17
In base 2, what is 101 - 11100011?
-11011110
In base 14, what is -2 + 16?
14
In base 12, what is -15 - 6a?
-83
In base 6, what is -11 - -315?
304
In base 13, what is 1b - 12?
9
In base 15, what is -109 - -4?
-105
In base 3, what is 12 - -1102112?
1102201
In base 11, what is -1 - 1571?
-1572
In base 10, what is 116 - -8?
124
In base 2, what is -11 + 1001000000?
1000111101
In base 14, what is -53a + 1?
-539
In base 13, what is 5 + -60?
-58
In base 15, what is -3 - -30?
2c
In base 5, what is 3 + -1220?
-1212
In base 5, what is -2 + 2112?
2110
In base 12, what is ab - -1?
b0
In base 5, what is -12402 - -10?
-12342
In base 11, what is -1a7 - 4?
-200
In base 10, what is 1 - -97?
98
In base 13, what is 27 - -128?
152
In base 9, what is 0 - 218?
-218
In base 2, what is 11001 - 1000?
10001
In base 8, what is 3 - -56?
61
In base 8, what is 1154 - -3?
1157
In base 7, what is 11 + 2450?
2461
In base 12, what is -1 - 25?
-26
In base 12, what is -46 + -3?
-49
In base 14, what is -10 - 25?
-35
In base 12, what is 11b - 5?
116
In base 6, what is 113 + -245?
-132
In base 5, what is 32 + 1211?
1243
In base 4, what is 20 + -11133?
-11113
In base 4, what is 202 - -21?
223
In base 7, what is -22 - -4?
-15
In base 7, what is -25 + -13?
-41
In base 7, what is -11 - 46?
-60
In base 13, what is 5 - -4a?
52
In base 5, what is -100 + -303?
-403
In base 8, what is -3 - -710?
705
In base 10, what is 55 + -2?
53
In base 3, what is 10 - 0?
10
In base 8, what is 4 + 6476?
6502
In base 5, what is 1 - -133123?
133124
In base 7, what is -5 + -12644?
-12652
In base 4, what is -220 + -231?
-1111
In base 15, what is 8c - 19?
73
In base 3, what is 1100 - 1021?
2
In base 14, what is 7 - -1a8?
1b1
In base 5, what is -4 - -42443?
42434
In base 4, what is -12130 + -10?
-12200
In base 15, what is 0 + -14e?
-14e
In base 6, what is 1 - 25?
-24
In base 15, what is -158 - 1?
-159
In base 5, what is -1314 + -3?
-1322
In base 13, what is -3 - -c1?
bb
In base 10, what is 18 + 16?
34
In base 6, what is 32 - 42?
-10
In base 12, what is 3 - -646?
649
In base 12, what is 7ba + -5?
7b5
In base 8, what is 0 - 6?
-6
In base 6, what is 3 - -222?
225
In base 13, what is -2 - -14?
12
In base 13, what is -a + -2?
-c
In base 10, what is -2 - -166?
164
In base 10, what is -4 + 339?
335
In base 16, what is 4 + c9?
cd
In base 5, what is -4 + -223?
-232
In base 4, what is 11 + -11112?
-11101
In base 4, what is -221332 - -2?
-221330
In base 3, what is 21 + 112202?
120000
In base 7, what is -5 - -2102?
2064
In base 6, what is 1221 - -4?
1225
In base 4, what is 310310 - 3?
310301
In base 10, what is 2 - -244?
246
In base 15, what is 1 + -48?
-47
In base 16, what is -30 - 3?
-33
In base 12, what is 5 + -409?
-404
In base 13, what is -b + -2c?
-3a
In base 10, what is 8 + -1511?
-1503
In base 16, what is -2b1 + -6?
-2b7
In base 2, what is -10000011 - -11111?
-1100100
In base 2, what is 1001 + -10100101?
-10011100
In base 7, what is 4 + 222?
226
In base 2, what is -1001000 + 1000?
-1000000
In base 13, what is 314 + 4?
318
In base 2, what is 110001010100 + -1?
110001010011
In base 4, what is 33210 - 10?
33200
In base 12, what is 25 + -3b?
-16
In base 12, what is 98 + 1?
99
In base 5, what is 424 + -12?
412
In base 7, what is -15650 + 2?
-15645
In base 7, what is 5 - 55?
-50
In base 12, what is 2 - 128?
-126
In base 14, what is 13 - 20?
-b
In base 6, what is -1215 + 3?
-1212
In base 4, what is -1010 - -10?
-1000
In base 8, what is 1045 + 0?
1045
In base 12, what is -b + -18?
-27
In base 13, what is -6 + -702?
-708
In base 13, what is -15254 - 0?
-15254
In base 16, what is d7 + 4?
db
In base 14, what is 7 + -5?
2
In base 7, what is 5 + -65?
-60
In base 12, what is 1a6 - -5?
1ab
In base 3, what is -21 - -12?
-2
In base 7, what is 62 - 2?
60
In base 8, what is -5 + -217?
-224
In base 9, what is -122604 + 2?
-122602
In base 5, what is 10 - 334?
-324
In base 12, what is 44 - 8b?
-47
In base 3, what is 11 - -10220?
11001
In base 13, what is 0 - -4?
4
In base 15, what is 50 + 13?
63
In base 11, what is 5 + -271?
-267
In base 9, what is -44 + 27?
-16
In base 7, what is 1 - -110?
111
In base 10, what is 0 - 381?
-381
In base 3, what is 22 - -110?
202
In base 14, what is b + -69?
-5c
In base 3, what is 21 - -202?
1000
In base 2, what is 11 - -11101?
100000
In base 10, what is -32 - 3?
-35
In base 11, what is 288 - 1a?
269
In base 15, what is -25 + 49?
24
In base 11, what is 5 - 63?
-59
In base 16, what is 56 + -5?
51
In base 13, what is 8 - -226?
231
In base 5, what is -14 - 11?
-30
In base 10, what is 17 - -203?
220
In base 4, what is -30 - -23?
-1
In base 2, what is -1 + -1011110?
-1011111
In base 6, what is -3 + 1112?
1105
In base 5, what is 0 + -2013?
-2013
In base 6, what is -3 - -131?
124
In base 13, what is -11 - 2?
-13
In base 2, what is 0 + 1011011011?
1011011011
In base 2, what is 100 + 1100101?
1101001
In base 15, what is -301 - 5?
-306
In base 15, what is 1 + -25?
-24
In base 2, what is 1100011 + 11101?
10000000
In base 6, what is -513 + -5?
-522
In base 11, what is -6 + -163?
-169
In base 2, what is -101111101 + 101?
-101111000
In base 7, what is 12 - -103?
115
In base 9, what is 12 - 182?
-170
In base 2, what is 110001001111 + 1?
110001010000
In base 5, what is 1330 - -10?
1340
In base 14, what is 186 - -1?
187
In base 16, what is 2 + -18b3?
-18b1
In base 4, what is -1122 - 1?
-1123
In base 10, what is 5 - 112?
-107
In base 8, what is 41 + -50?
-7
In base 9, what is 1 - 21?
-20
In base 7, what is -100 - 1?
-101
In base 5, what is 4 - 11132?
-11123
In base 5, what is 3 - 1103?
-1100
In base 5, what is 10 - 230324?
-230314
In base 11, what is -29 + -1?
-2a
In base 12, what is -3 + ab?
a8
In base 2, what is 10101 - 110?
1111
In base 2, what is 10 - 1001?
-111
In base 11, what is 7 + -22?
-16
In base 12, what is -1 + 133?
132
In base 14, what is 4b5 + 2?
4b7
In base 2, what is 10010 - -11101?
101111
In base 8, what is 5140 - 1?
5137
In base 10, what is 62 + 1?
63
In base 9, what is -52 + -1?
-53
In base 16, what is 18 + -29?
-11
In base 6, what is 1 + 234?
235
In base 16, what is -1 - a0?
-a1
In base 12, what is 8 - 6?
2
In base 8, what is 4 + 1?
5
In base 4, what is -2 + -10?
-12
In base 2, what is 1111 + -101?
1010
In base 12, what is 3ba8 - 3?
3ba5
In base 6, what is -220 - -2?
-214
In base 7, what is 213 + -11?
202
In base 11, what is -364 - -4?
-360
In base 10, what is -657 + 4?
-653
In base 15, what is -56 + 29?
-2c
In base 15, what is 29e9 + -4?
29e5
In base 16, what is -1 + 19?
18
In base 7, what is -26 + -2?
-31
In base 4, what is 3133 + 1?
3200
In base 13, what is -4 + 78?
74
In base 8, what is -146 - 5?
-153
In base 9, what is 21 - 17?
3
In base 16, what is -57 + 1?
-56
In base 10, what is 99 + 1?
100
In base 15, what is -431 - -d?
-423
In base 4, what is 11 - 101322?
-101311
In base 3, what is 11 + -1210?
-1122
In base 4, what is 11 - -212302?
212313
In base 13, what is 75 + -1?
74
In base 2, what is 0 - 11000000?
-11000000
In base 3, what is 12020 + -11?
12002
In base 2, what is -11 - -10000101001?
10000100110
In base 14, what is 2 + 6a?
6c
In base 16, what is -15 + 5b?
46
In base 8, what is 5 + 5?
12
In base 16, what is 9 + -5b4?
-5ab
In base 6, what is -1 + -33022?
-33023
In base 16, what is -4 - -1e09?
1e05
In base 12, what is a + -554?
-546
In base 8, what is 3673 - 1?
3672
In base 8, what is 40 + 1?
41
In base 13, what is 2 - -55?
57
In base 3, what is -2001 - -12?
-1212
In base 2, what is 1 + -111110101101?
-111110101100
In base 7, what is 614 + 0?
614
In base 4, what is -301311 + 22?
-3012